{"id":1962,"date":"2026-07-19T04:58:41","date_gmt":"2026-07-19T02:58:41","guid":{"rendered":"https:\/\/wp.jocotoco.org\/programs\/programa-amazonia-andes\/"},"modified":"2026-08-17T04:09:28","modified_gmt":"2026-08-17T02:09:28","slug":"programa-amazonia-andes","status":"publish","type":"programs","link":"https:\/\/wp.jocotoco.org\/es\/programas\/programa-amazonia-andes\/","title":{"rendered":"Programa Andes &#8211; Amazon\u00eda"},"content":{"rendered":"\t\t<div data-elementor-type=\"wp-post\" data-elementor-id=\"1962\" class=\"elementor elementor-1962 elementor-922\" data-elementor-post-type=\"programs\">\n\t\t\t\t<div class=\"elementor-element elementor-element-321344a e-flex e-con-boxed e-con e-parent\" data-id=\"321344a\" data-element_type=\"container\" data-e-type=\"container\" data-settings=\"{&quot;background_background&quot;:&quot;classic&quot;}\">\n\t\t\t\t\t<div class=\"e-con-inner\">\n\t\t<div class=\"elementor-element elementor-element-81bf908 e-grid e-con-full elementor-invisible e-con e-child\" data-id=\"81bf908\" data-element_type=\"container\" data-e-type=\"container\" data-settings=\"{&quot;animation&quot;:&quot;fadeInUp&quot;}\">\n\t\t<div class=\"elementor-element elementor-element-b4376dd e-con-full e-flex e-con e-child\" data-id=\"b4376dd\" data-element_type=\"container\" data-e-type=\"container\">\n\t\t\t\t<div class=\"elementor-element elementor-element-7cb7667 elementor-widget elementor-widget-text-editor\" data-id=\"7cb7667\" data-element_type=\"widget\" data-e-type=\"widget\" data-widget_type=\"text-editor.default\">\n\t\t\t\t\t\t\t\t\t<p>Desde glaciares en la cima de monta\u00f1as de m\u00e1s de 5 mil metros de altura, pasando por volcanes activos, hasta las estribaciones de la selva amaz\u00f3nica y el sinuoso r\u00edo Napo, pocas regiones ofrecen paisajes tan dram\u00e1ticamente diversos como \u00e9sta. De hecho, la vertiente oriental de los Andes Tropicales se considera el \u00abm\u00e1s caliente\u00bb de los hotspots de biodiversidad mundial. Las aves alcanzan aqu\u00ed su mayor diversidad global. Conectar y amortiguar las reservas existentes es una gran prioridad, ya que la deforestaci\u00f3n se est\u00e1 acelerando.   <\/p><p>En las tierras altas, la Reserva Chakana complementa la conservaci\u00f3n de los pastizales de p\u00e1ramo del Parque Nacional Antisana y alberga un tercio de la poblaci\u00f3n de c\u00f3ndores andinos de Ecuador. En el l\u00edmite inferior de este parque, nuestra Reserva Narupa conecta con el Parque Nacional Sumaco Napo &#8211; Galeras, creando un paisaje protegido continuo de casi 300.000 hect\u00e1reas. Tenemos la intenci\u00f3n de cerrar las brechas dentro de las zonas de amortiguamiento de estas \u00e1reas protegidas mediante la ampliaci\u00f3n de nuestras reservas y el apoyo a otras reservas privadas, parques nacionales y bosques de las comunidades Kijos-Kichwa.   <\/p>\t\t\t\t\t\t\t\t<\/div>\n\t\t\t\t<\/div>\n\t\t<div class=\"elementor-element elementor-element-b19070 e-con-full e-flex e-con e-child\" data-id=\"b19070\" data-element_type=\"container\" data-e-type=\"container\">\n\t\t\t\t<div class=\"elementor-element elementor-element-770670da elementor-widget elementor-widget-image\" data-id=\"770670da\" data-element_type=\"widget\" data-e-type=\"widget\" data-widget_type=\"image.default\">\n\t\t\t\t\t\t\t\t\t\t\t\t\t\t\t<img fetchpriority=\"high\" decoding=\"async\" width=\"800\" height=\"800\" src=\"https:\/\/wp.jocotoco.org\/wp-content\/uploads\/2026\/07\/Mapa-Amazon.webp\" class=\"attachment-large size-large wp-image-1964\" alt=\"\" srcset=\"https:\/\/wp.jocotoco.org\/wp-content\/uploads\/2026\/07\/Mapa-Amazon.webp 800w, https:\/\/wp.jocotoco.org\/wp-content\/uploads\/2026\/07\/Mapa-Amazon-300x300.webp 300w, https:\/\/wp.jocotoco.org\/wp-content\/uploads\/2026\/07\/Mapa-Amazon-150x150.webp 150w, https:\/\/wp.jocotoco.org\/wp-content\/uploads\/2026\/07\/Mapa-Amazon-768x768.webp 768w\" sizes=\"(max-width: 800px) 100vw, 800px\" \/>\t\t\t\t\t\t\t\t\t\t\t\t\t\t\t<\/div>\n\t\t\t\t<\/div>\n\t\t\t\t<\/div>\n\t\t\t\t\t<\/div>\n\t\t\t\t<\/div>\n\t\t<div class=\"elementor-element elementor-element-6497f475 e-flex e-con-boxed e-con e-parent\" data-id=\"6497f475\" data-element_type=\"container\" data-e-type=\"container\" id=\"our-community\" data-settings=\"{&quot;background_background&quot;:&quot;classic&quot;}\">\n\t\t\t\t\t<div class=\"e-con-inner\">\n\t\t\t\t<div class=\"elementor-element elementor-element-277a087f elementor-widget elementor-widget-spacer\" data-id=\"277a087f\" data-element_type=\"widget\" data-e-type=\"widget\" data-widget_type=\"spacer.default\">\n\t\t\t\t\t\t\t<div class=\"elementor-spacer\">\n\t\t\t<div class=\"elementor-spacer-inner\"><\/div>\n\t\t<\/div>\n\t\t\t\t\t\t<\/div>\n\t\t<div class=\"elementor-element elementor-element-3d15a38a e-con-full e-flex elementor-invisible e-con e-child\" data-id=\"3d15a38a\" data-element_type=\"container\" data-e-type=\"container\" data-settings=\"{&quot;animation&quot;:&quot;fadeInUp&quot;}\">\n\t\t\t\t<div class=\"elementor-element elementor-element-3fd0a536 elementor--h-position-left elementor--v-position-bottom slide-jt elementor-arrows-position-inside elementor-pagination-position-inside elementor-widget elementor-widget-slides\" data-id=\"3fd0a536\" data-element_type=\"widget\" data-e-type=\"widget\" data-settings=\"{&quot;navigation&quot;:&quot;both&quot;,&quot;infinite&quot;:&quot;yes&quot;,&quot;transition&quot;:&quot;slide&quot;,&quot;transition_speed&quot;:500}\" data-widget_type=\"slides.default\">\n\t\t\t\t\t\t\t\t\t\t<div class=\"elementor-slides-wrapper elementor-main-swiper swiper\" role=\"region\" aria-roledescription=\"carousel\" aria-label=\"Slides\" dir=\"ltr\" data-animation=\"fadeInUp\">\n\t\t\t\t<div class=\"swiper-wrapper elementor-slides\">\n\t\t\t\t\t\t\t\t\t\t<div class=\"elementor-repeater-item-ebbe34a swiper-slide\" role=\"group\" aria-roledescription=\"slide\"><div class=\"swiper-slide-bg\" role=\"img\" aria-label=\"COMUNIDADES\"><\/div><div class=\"swiper-slide-inner\" ><div class=\"swiper-slide-contents\"><div class=\"elementor-slide-description\"><p>Trabajamos estrechamente en la regi\u00f3n con cinco comunidades<br \/>\nind\u00edgenas que pertenecen a las naciones Kichwa y Kijo<br \/>\n.<\/p>\n<\/div><\/div><\/div><\/div><div class=\"elementor-repeater-item-2c21032 swiper-slide\" role=\"group\" aria-roledescription=\"slide\"><div class=\"swiper-slide-bg\" role=\"img\" aria-label=\"Carrousel chakana\"><\/div><div class=\"swiper-slide-inner\" ><div class=\"swiper-slide-contents\"><div class=\"elementor-slide-description\"><p>Nuestra Reserva Chakana forma parte de la zona de amortiguamiento del Parque Nacional Antisana y del gran mosaico de conservaci\u00f3n que incluye los Parques Nacionales Sumaco Napo-Galeras y Cayambe-Coca.<\/p>\n<\/div><\/div><\/div><\/div><div class=\"elementor-repeater-item-68b6678 swiper-slide\" role=\"group\" aria-roledescription=\"slide\"><div class=\"swiper-slide-bg\" role=\"img\" aria-label=\"Spectacled bear\"><\/div><div class=\"swiper-slide-inner\" ><div class=\"swiper-slide-contents\"><div class=\"elementor-slide-description\"><p>Un oso de anteojos podr\u00eda viajar desde la Reserva Chakana hasta la Reserva Narupa sin peligro porque el Parque Nacional Antisana interconecta ambas reservas.<\/p>\n<\/div><\/div><\/div><\/div>\t\t\t\t<\/div>\n\t\t\t\t\t\t\t\t\t\t\t\t\t\t\t<div class=\"elementor-swiper-button elementor-swiper-button-prev\" role=\"button\" tabindex=\"0\" aria-label=\"Diapositiva anterior\">\n\t\t\t\t\t\t\t<svg aria-hidden=\"true\" class=\"e-font-icon-svg e-eicon-chevron-left\" viewBox=\"0 0 1000 1000\" xmlns=\"http:\/\/www.w3.org\/2000\/svg\"><path d=\"M646 125C629 125 613 133 604 142L308 442C296 454 292 471 292 487 292 504 296 521 308 533L604 854C617 867 629 875 646 875 663 875 679 871 692 858 704 846 713 829 713 812 713 796 708 779 692 767L438 487 692 225C700 217 708 204 708 187 708 171 704 154 692 142 675 129 663 125 646 125Z\"><\/path><\/svg>\t\t\t\t\t\t<\/div>\n\t\t\t\t\t\t<div class=\"elementor-swiper-button elementor-swiper-button-next\" role=\"button\" tabindex=\"0\" aria-label=\"Diapositiva siguiente\">\n\t\t\t\t\t\t\t<svg aria-hidden=\"true\" class=\"e-font-icon-svg e-eicon-chevron-right\" viewBox=\"0 0 1000 1000\" xmlns=\"http:\/\/www.w3.org\/2000\/svg\"><path d=\"M696 533C708 521 713 504 713 487 713 471 708 454 696 446L400 146C388 133 375 125 354 125 338 125 325 129 313 142 300 154 292 171 292 187 292 204 296 221 308 233L563 492 304 771C292 783 288 800 288 817 288 833 296 850 308 863 321 871 338 875 354 875 371 875 388 867 400 854L696 533Z\"><\/path><\/svg>\t\t\t\t\t\t<\/div>\n\t\t\t\t\t\t\t\t\t\t\t\t\t\t\t\t<div class=\"swiper-pagination\"><\/div>\n\t\t\t\t\t\t\t\t\t\t\t\t<\/div>\n\t\t\t\t\t\t\t\t<\/div>\n\t\t\t\t<\/div>\n\t\t\t\t\t<\/div>\n\t\t\t\t<\/div>\n\t\t\t\t<\/div>\n\t\t","protected":false},"excerpt":{"rendered":"<p>Gracias a su ubicaci\u00f3n estrat\u00e9gica, esta zona alberga una variedad \u00fanica de plantas y animales que combinan especies de los Andes y la Amazonia. Aqu\u00ed buscamos mantener la conectividad de toda una variedad de ecosistemas, desde las heladas cumbres andinas hasta la selva del alto Napo, dando a las especies m\u00e1s espacio para prosperar. <\/p>\n","protected":false},"featured_media":1963,"template":"elementor_theme","class_list":["post-1962","programs","type-programs","status-publish","has-post-thumbnail","hentry"],"acf":[],"_links":{"self":[{"href":"https:\/\/wp.jocotoco.org\/es\/wp-json\/wp\/v2\/programs\/1962","targetHints":{"allow":["GET"]}}],"collection":[{"href":"https:\/\/wp.jocotoco.org\/es\/wp-json\/wp\/v2\/programs"}],"about":[{"href":"https:\/\/wp.jocotoco.org\/es\/wp-json\/wp\/v2\/types\/programs"}],"version-history":[{"count":6,"href":"https:\/\/wp.jocotoco.org\/es\/wp-json\/wp\/v2\/programs\/1962\/revisions"}],"predecessor-version":[{"id":2240,"href":"https:\/\/wp.jocotoco.org\/es\/wp-json\/wp\/v2\/programs\/1962\/revisions\/2240"}],"wp:featuredmedia":[{"embeddable":true,"href":"https:\/\/wp.jocotoco.org\/es\/wp-json\/wp\/v2\/media\/1963"}],"wp:attachment":[{"href":"https:\/\/wp.jocotoco.org\/es\/wp-json\/wp\/v2\/media?parent=1962"}],"curies":[{"name":"wp","href":"https:\/\/api.w.org\/{rel}","templated":true}]}}

Programa Andes &#8211; Amazonía

<div data-elementor-type="wp-post" data-elementor-id="1962" class="elementor elementor-1962 elementor-922" data-elementor-post-type="programs">
				<div class="elementor-element elementor-element-321344a e-flex e-con-boxed e-con e-parent" data-id="321344a" data-element_type="container" data-e-type="container" data-settings="{&quot;background_background&quot;:&quot;classic&quot;}">
					<div class="e-con-inner">
		<div class="elementor-element elementor-element-81bf908 e-grid e-con-full elementor-invisible e-con e-child" data-id="81bf908" data-element_type="container" data-e-type="container" data-settings="{&quot;animation&quot;:&quot;fadeInUp&quot;}">
		<div class="elementor-element elementor-element-b4376dd e-con-full e-flex e-con e-child" data-id="b4376dd" data-element_type="container" data-e-type="container">
				<div class="elementor-element elementor-element-7cb7667 elementor-widget elementor-widget-text-editor" data-id="7cb7667" data-element_type="widget" data-e-type="widget" data-widget_type="text-editor.default">
									<p>Desde glaciares en la cima de montañas de más de 5 mil metros de altura, pasando por volcanes activos, hasta las estribaciones de la selva amazónica y el sinuoso río Napo, pocas regiones ofrecen paisajes tan dramáticamente diversos como ésta. De hecho, la vertiente oriental de los Andes Tropicales se considera el «más caliente» de los hotspots de biodiversidad mundial. Las aves alcanzan aquí su mayor diversidad global. Conectar y amortiguar las reservas existentes es una gran prioridad, ya que la deforestación se está acelerando.   </p><p>En las tierras altas, la Reserva Chakana complementa la conservación de los pastizales de páramo del Parque Nacional Antisana y alberga un tercio de la población de cóndores andinos de Ecuador. En el límite inferior de este parque, nuestra Reserva Narupa conecta con el Parque Nacional Sumaco Napo &#8211; Galeras, creando un paisaje protegido continuo de casi 300.000 hectáreas. Tenemos la intención de cerrar las brechas dentro de las zonas de amortiguamiento de estas áreas protegidas mediante la ampliación de nuestras reservas y el apoyo a otras reservas privadas, parques nacionales y bosques de las comunidades Kijos-Kichwa.   </p>								</div>
				</div>
		<div class="elementor-element elementor-element-b19070 e-con-full e-flex e-con e-child" data-id="b19070" data-element_type="container" data-e-type="container">
				<div class="elementor-element elementor-element-770670da elementor-widget elementor-widget-image" data-id="770670da" data-element_type="widget" data-e-type="widget" data-widget_type="image.default">
															<img fetchpriority="high" decoding="async" width="800" height="800" src="https://wp.jocotoco.org/wp-content/uploads/2026/07/Mapa-Amazon.webp" class="attachment-large size-large wp-image-1964" alt="" srcset="https://wp.jocotoco.org/wp-content/uploads/2026/07/Mapa-Amazon.webp 800w, https://wp.jocotoco.org/wp-content/uploads/2026/07/Mapa-Amazon-300x300.webp 300w, https://wp.jocotoco.org/wp-content/uploads/2026/07/Mapa-Amazon-150x150.webp 150w, https://wp.jocotoco.org/wp-content/uploads/2026/07/Mapa-Amazon-768x768.webp 768w" sizes="(max-width: 800px) 100vw, 800px" />															</div>
				</div>
				</div>
					</div>
				</div>
		<div class="elementor-element elementor-element-6497f475 e-flex e-con-boxed e-con e-parent" data-id="6497f475" data-element_type="container" data-e-type="container" id="our-community" data-settings="{&quot;background_background&quot;:&quot;classic&quot;}">
					<div class="e-con-inner">
				<div class="elementor-element elementor-element-277a087f elementor-widget elementor-widget-spacer" data-id="277a087f" data-element_type="widget" data-e-type="widget" data-widget_type="spacer.default">
							<div class="elementor-spacer">
			<div class="elementor-spacer-inner"></div>
		</div>
						</div>
		<div class="elementor-element elementor-element-3d15a38a e-con-full e-flex elementor-invisible e-con e-child" data-id="3d15a38a" data-element_type="container" data-e-type="container" data-settings="{&quot;animation&quot;:&quot;fadeInUp&quot;}">
				<div class="elementor-element elementor-element-3fd0a536 elementor--h-position-left elementor--v-position-bottom slide-jt elementor-arrows-position-inside elementor-pagination-position-inside elementor-widget elementor-widget-slides" data-id="3fd0a536" data-element_type="widget" data-e-type="widget" data-settings="{&quot;navigation&quot;:&quot;both&quot;,&quot;infinite&quot;:&quot;yes&quot;,&quot;transition&quot;:&quot;slide&quot;,&quot;transition_speed&quot;:500}" data-widget_type="slides.default">
										<div class="elementor-slides-wrapper elementor-main-swiper swiper" role="region" aria-roledescription="carousel" aria-label="Slides" dir="ltr" data-animation="fadeInUp">
				<div class="swiper-wrapper elementor-slides">
										<div class="elementor-repeater-item-ebbe34a swiper-slide" role="group" aria-roledescription="slide"><div class="swiper-slide-bg" role="img" aria-label="COMUNIDADES"></div><div class="swiper-slide-inner" ><div class="swiper-slide-contents"><div class="elementor-slide-description"><p>Trabajamos estrechamente en la región con cinco comunidades<br />
indígenas que pertenecen a las naciones Kichwa y Kijo<br />
.</p>
</div></div></div></div><div class="elementor-repeater-item-2c21032 swiper-slide" role="group" aria-roledescription="slide"><div class="swiper-slide-bg" role="img" aria-label="Carrousel chakana"></div><div class="swiper-slide-inner" ><div class="swiper-slide-contents"><div class="elementor-slide-description"><p>Nuestra Reserva Chakana forma parte de la zona de amortiguamiento del Parque Nacional Antisana y del gran mosaico de conservación que incluye los Parques Nacionales Sumaco Napo-Galeras y Cayambe-Coca.</p>
</div></div></div></div><div class="elementor-repeater-item-68b6678 swiper-slide" role="group" aria-roledescription="slide"><div class="swiper-slide-bg" role="img" aria-label="Spectacled bear"></div><div class="swiper-slide-inner" ><div class="swiper-slide-contents"><div class="elementor-slide-description"><p>Un oso de anteojos podría viajar desde la Reserva Chakana hasta la Reserva Narupa sin peligro porque el Parque Nacional Antisana interconecta ambas reservas.</p>
</div></div></div></div>				</div>
															<div class="elementor-swiper-button elementor-swiper-button-prev" role="button" tabindex="0" aria-label="Diapositiva anterior">
							<svg aria-hidden="true" class="e-font-icon-svg e-eicon-chevron-left" viewBox="0 0 1000 1000" xmlns="http://www.w3.org/2000/svg"><path d="M646 125C629 125 613 133 604 142L308 442C296 454 292 471 292 487 292 504 296 521 308 533L604 854C617 867 629 875 646 875 663 875 679 871 692 858 704 846 713 829 713 812 713 796 708 779 692 767L438 487 692 225C700 217 708 204 708 187 708 171 704 154 692 142 675 129 663 125 646 125Z"></path></svg>						</div>
						<div class="elementor-swiper-button elementor-swiper-button-next" role="button" tabindex="0" aria-label="Diapositiva siguiente">
							<svg aria-hidden="true" class="e-font-icon-svg e-eicon-chevron-right" viewBox="0 0 1000 1000" xmlns="http://www.w3.org/2000/svg"><path d="M696 533C708 521 713 504 713 487 713 471 708 454 696 446L400 146C388 133 375 125 354 125 338 125 325 129 313 142 300 154 292 171 292 187 292 204 296 221 308 233L563 492 304 771C292 783 288 800 288 817 288 833 296 850 308 863 321 871 338 875 354 875 371 875 388 867 400 854L696 533Z"></path></svg>						</div>
																<div class="swiper-pagination"></div>
												</div>
								</div>
				</div>
					</div>
				</div>
				</div>

<p>Gracias a su ubicación estratégica, esta zona alberga una variedad única de plantas y animales que combinan especies de los Andes y la Amazonia. Aquí buscamos mantener la conectividad de toda una variedad de ecosistemas, desde las heladas cumbres andinas hasta la selva del alto Napo, dando a las especies más espacio para prosperar. </p>
